he second derivative of 4*f**5/5 - f**4/6 + f**2/2 - 3*f. What are the prime factors of w(1)?
3, 5
Suppose 2*i + q = i + 70, 3*i = 4*q + 238. List the prime factors of i.
2, 37
Let h(a) = 2 - 1 + 0 + a. Let t(d) = -3*d + 9. Let v(f) = 4*h(f) + t(f). List the prime factors of v(-6).
7
Let x be (-25)/(-4) + 7/(-28). What are the prime factors of (4/x)/((-2)/(-15))?
5
Let o = -275 + 390. Suppose -f - 4*f + o = 0. List the prime factors of f.
23
Let j be (-3)/2 - 28/(-8). Suppose -z = -j + 6. What are the prime factors of (-32)/20*10/z?
2
Let y = 8 - 13. Let c = -2 - y. Suppose -55 = -c*k - 2*k. What are the prime factors of k?
11
Let w(z) = -4 - z + 12 + 1. Let x be w(0). Let y(p) = -p + 17. What are the prime factors of y(x)?
2
Let x(r) = r**3 - 2. Let h be x(2). Suppose -u - 90 = -h*u. Let p = u - 10. What are the prime factors of p?
2
Suppose 0 = 5*l - 82 - 153. Let j = -28 + l. Suppose -2*r + n = -j, -2 - 44 = -5*r + 3*n. What are the prime factors of r?
11
Suppose -5*l - 38 - 17 = 0. Let q = -6 - l. Let s = q + -3. List the prime factors of s.
2
Suppose 0*q - 1 = -q. Suppose y - 17 = -7. Suppose -y - q = -v. What are the prime factors of v?
11
Let n(k) = 6*k**2 - 4*k - 3. Let s be n(-2). Suppose -4*o + 5*o = s. List the prime factors of o.
29
Suppose -2*f = -0*f + 6. List the prime factors of (-2)/3 + (-137)/f.
3, 5
Let r = 75 + 227. What are the prime factors of r?
2, 151
Let b(r) = r**3 - r**2 - 9*r - 9. List the prime factors of b(6).
3, 13
Suppose -4*q - 241 = -5*g + 132, -25 = -5*g. Let t = q - -36. Let y = -31 - t. What are the prime factors of y?
2, 5
Suppose i - 48 = -i. What are the prime factors of i?
2, 3
Suppose -7*m + 2*m + 42 = -h, 0 = -3*m - 4*h + 39. Suppose 0 = -3*o + o - 5*r - 10, 0 = 5*o + 4*r - m. List the prime factors of o.
5
Let v be ((-1)/2)/(2/20). Let i = v + 8. Suppose -2*a + i*a = 6. List the prime factors of a.
2, 3
Suppose p - 18 = -2*p. Let u be (-3)/p*2/1. What are the prime factors of u*((0 - 3) + 1)?
2
Suppose 2*g = -3*g + 195. Suppose 5*n = g - 149. List the prime factors of (-1 - 0)/(2/n).
11
Let i(v) = -v**2 + 9*v + 14. Let a be i(10). Suppose -a*y + 50 = -10. Suppose 5*x + y = 0, x = -2*p - x - 2. What are the prime factors of p?
2
Let w(v) = -v**3 + 5*v**2 + 2*v - 1. Let t be w(5). Suppose -1 - t = 2*o. What are the prime factors of o/(10/(-4)) - -7?
3
Let y(k) = -2*k**2 - 2*k - 2. Let v be y(3). Let d = v + 46. What are the prime factors of d?
2, 5
Suppose -q = 3, -4*q - 10 = -4*n + 22. Suppose u - 5*u + 180 = 0. Suppose -4*k + u = b, -4*k = -n*b - 2 - 13. What are the prime factors of k?
2, 5
Let i(t) = t**3 + t**2 - t. Let v be i(1). Let w be (-2 + 2/v)/1. Let l(s) = s + 11. What are the prime factors of l(w)?
11
Let q(f) = 44*f**3 - f**2 + 2*f - 1. Let b be q(1). Suppose -3*s + 91 = -b. List the prime factors of s.
3, 5
Let d be 52/14 - 4/(-14). Let v(k) = k**2 - 2*k - 2. Let b be v(5). Suppose 4*q - d*r - b = q, -4*q - 2*r = -10. List the prime factors of q.
3
Let y be (1 - (-6)/3)/(-1). Let a(d) = d**3 + 4*d**2 - 2*d - 4. Let w be a(y). Suppose 3*x + 0*x - 6 = 0, -r - 3*x = -w. What are the prime factors of r?
5
Let f = -19 - -33. Let m = f - -9. What are the prime factors of m?
23
Let g be 9 - (1 + 1 + -3). Suppose -h + 5 = -g. What are the prime factors of h?
3, 5
Let z(n) = -n**3 + 8*n**2 + n - 8. Let l be z(8). Suppose 3*a - 14 - 16 = l. List the prime factors of a.
2, 5
Let p = 22 + -16. Let b(n) = 2*n**2 - 4*n - 8. List the prime factors of b(p).
2, 5
List the prime factors of (-12)/42 + (-86)/(-7).
2, 3
Let k be 118/4 - 1/(-2). Let n be 5 + (0 - (1 + 0)). Suppose n*t - k = 22. List the prime factors of t.
13
Suppose 64 = 4*n - 76. List the prime factors of n.
5, 7
Let t be (-2)/(1 + 15/(-9)). Suppose t*s + r = 6, -2*s - s = -3*r - 18. Suppose 4*b - 4*u = -0*b + 12, 3*b = -3*u + s. List the prime factors of b.
2
Let d = -10 + 5. Let u = 3 - d. What are the prime factors of u?
2
Suppose 0 = -6*n + 103 + 65. What are the prime factors of n?
2, 7
What are the prime factors of -2 - -2 - (2 - (-3 + 70))?
5, 13
Let w be (0 - 0)*(1 - 2). Let h = w + -1. List the prime factors of (1/2)/(h/(-12)).
2, 3
Let o(c) = -c**3 - 3*c**2 - 2*c + 2. Let l be o(-2). What are the prime factors of 5/10 + 53/l?
3
Let c = 47 - -21. List the prime factors of c.
2, 17
Let x = -2 - -3. Let g = -2 - x. What are the prime factors of g*-2*8/6?
2
Let o = -10 - -24. Suppose -6*v + o = -4*v. List the prime factors of v.
7
Suppose -4*t = 8, 3*t - 7 = -4*z + 15. Let d(l) = -l**3 - 8*l**2 + 9*l + 2. Let c be d(-9). Suppose c*r = z*r - 35. List the prime factors of r.
7
Suppose -84*g + 612 = -78*g. What are the prime factors of g?
2, 3, 17
Let y(f) = -2*f + 5. Let o(l) = l - 2. Let h(s) = 5*o(s) + 2*y(s). What are the prime factors of h(8)?
2
Let z(g) = g + 5. Let i be z(-5). Suppose -r = -5*u - 17 - 2, i = -5*r + 5*u + 35. List the prime factors of r.
2
Let k(f) = -f**2 + 3*f + 4. Let j be k(4). Let p be (-238)/16 - 7/56. Let n = j - p. What are the prime factors of n?
3, 5
Suppose 6*z - 15 = z. Suppose -4*a = 5*n + 19 - 51, -z*a - 2*n = -17. Suppose 4*v - 8 = a*v. What are the prime factors of v?
2
Suppose d + 14 - 6 = 0. Let p = 14 + d. List the prime factors of p.
2, 3
Let k = -14 - -67. What are the prime factors of k?
53
Let h(z) = z**2 + 8*z + 3. Let q be h(-8). Suppose -s = -4*i - 24, 2*i - 56 = -q*s - 2*i. Suppose 3*w = -w + s. List the prime factors of w.
5
Suppose -2*v + 8 - 4 = 0. Suppose -3 = v*f - 21. List the prime factors of f.
3
What are the prime factors of (3 + 31)/(((-6)/27)/(-1))?
3, 17
Let g = -20 + 37. List the prime factors of g.
17
Let u be -18 + ((-6)/(-3))/(-1). Let x = u + 32. Suppose 2*m - j = -0*j, -4*m = j - x. List the prime factors of m.
2
Suppose 0 = -2*w + 6. Suppose -w*c + 32 = 2*z, 4*c - z = c + 29. List the prime factors of c.
2, 5
Suppose -2*v = -0*v + 5*y - 80, 3*y - 102 = -3*v. Suppose 2*b - 3 = b. Suppose 5*j = -b*k + 28, -3*j + 6*j - v = -3*k. List the prime factors of k.
11
Suppose -8 = 4*y - 8*y. Suppose -6*i = k - 3*i - 3, y*i + 30 = 2*k. List the prime factors of k.
2, 3
Suppose -168*k = -167*k - 76. List the prime factors of k.
2, 19
Suppose -y + 437 = -5*j, 2*y + 293 - 111 = -2*j. List the prime factors of ((-27)/18)/(6/j).
2, 11
Let h = -4 + 9. What are the prime factors of 2 + (-2 - -5)*h?
17
Suppose 4*v + 10 = 6*v. Let p(a) = -2*a + 1. Let w be p(0). What are the prime factors of v + -2 + w + 0?
2
Let v(i) = -5*i - 6. Let r be v(9). Let m(t) = -2*t**3 + 4*t**2 - 3*t - 3. Let l be m(3). Let x = l - r. List the prime factors of x.
3, 7
Suppose -5*u + 5*a + 55 = 0, -4*a + 4 = u - 12. Suppose 39 = 2*b + 5*o - u, -b + 23 = 5*o. What are the prime factors of b?
2, 7
Suppose 4*j - 174 = 2*j. List the prime factors of j.
3, 29
Suppose 15 = -2*r - 15. Let n = 32 + r. What are the prime factors of n?
17
Let h = -74 + 153. List the prime factors of h.
79
Suppose 4*k + 64 = 24. Let w = -26 + 41. List the prime factors of w*(1 - (-4)/k).
3
What are the prime factors of 4*6 + 2 + 1?
3
Suppose q + 15 = 5*z, z = q + 2*z - 9. Suppose -117 = -q*j + 33. List the prime factors of j.
2, 3, 5
Let v = 2 + 1. Suppose v*c = -11 + 32. Suppose -c*z + 24 = 4*r - 3*z, 0 = r - 2*z - 12. List the prime factors of r.
2
Suppose 0 = -3*y + 6*n - n + 47, -2*y - 5*n + 48 = 0. Suppose p - y = -3*l, -5*p + 26 + 33 = 3*l. What are the prime factors of p?
2, 5
Let i be (-182)/(-2) - (-6 + 9). Suppose 5*s - 3*b = i, 0 = -5*s + 3*s + 2*b + 36. What are the prime factors of s?
17
Let i be (3/(-2))/(6/56). Let p(w) = w**2 + 13*w - 5. List the prime factors of p(i).
3
Let q(z) = -z**2 - 5*z - 2. Let x be q(-3). Suppose x = -v + 2*v. List the prime factors of v.
2
Let q(a) = a**3 + 3 + a**2 + 2*a**2 - 10*a**2 - 13*a. What are the prime factors of q(9)?
2, 3
Suppose 2*s + 0*s = -5*p + 105, -105 = -5*p + 5*s. List the prime factors of p.
3, 7
Suppose 3*a - 19 = -5*t, -3*a - 4*t - 1 = -3*t. What are the prime factors of (-29)/a + 4/8?
3, 5
Let o = 180 + -13. What are the prime factors of o?
167
Let u(p) = -2*p**2 + 14*p + 2. Let n be u(7). List the prime factors of (-19)/(2 + n + -5).
19
List the prime factors of 4/(-5)*(-3 - 2).
2
List the prime factors of ((-168)/49)/(8/(-868)).
2, 3, 31
Suppose 4*m + m = 230. Suppose 